2, 3513019
What are the prime factors of 17322215?
5, 1811, 1913
List the prime factors of 263475.
3, 5, 1171
What are the prime factors of 1715207?
13, 131939
What are the prime factors of 1818482?
2, 909241
What are the prime factors of 160038?
2, 3, 17, 523
List the prime factors of 665989.
293, 2273
List the prime factors of 7760436.
2, 3, 19, 101, 337
List the prime factors of 26934.
2, 3, 67
What are the prime factors of 2182067?
131, 16657
List the prime factors of 1157652.
2, 3, 397
List the prime factors of 660538.
2, 47, 7027
List the prime factors of 373184.
2, 7, 17
What are the prime factors of 12761789?
12761789
List the prime factors of 2449707.
3, 13, 23, 2731
What are the prime factors of 2252451?
3, 750817
What are the prime factors of 1683540?
2, 3, 5, 47, 199
What are the prime factors of 478170?
2, 3, 5, 7, 11, 23
What are the prime factors of 42236472?
2, 3, 1087, 1619
What are the prime factors of 3476777?
1741, 1997
What are the prime factors of 156638?
2, 17, 271
List the prime factors of 25401531.
3, 467, 18131
List the prime factors of 3013958.
2, 1506979
What are the prime factors of 20873084?
2, 5218271
What are the prime factors of 198097?
198097
What are the prime factors of 6261009?
3, 479, 4357
List the prime factors of 10258965.
3, 5, 227977
What are the prime factors of 11772441?
3, 1308049
What are the prime factors of 2239869?
3, 17, 37, 1187
What are the prime factors of 10644129?
3, 31, 157
List the prime factors of 1640265.
3, 5, 11, 9941
List the prime factors of 1472482.
2, 11, 66931
What are the prime factors of 6201703?
101, 61403
List the prime factors of 14383616.
2, 13, 2161
What are the prime factors of 13104393?
3, 4368131
What are the prime factors of 3090151?
227, 13613
List the prime factors of 8491835.
5, 11, 103, 1499
List the prime factors of 1957750.
2, 5, 41, 191
List the prime factors of 6170950.
2, 5, 123419
List the prime factors of 2012728.
2, 47, 53, 101
List the prime factors of 1175823.
3, 11, 37, 107
List the prime factors of 608930.
2, 5, 7, 8699
List the prime factors of 426956.
2, 106739
What are the prime factors of 185710?
2, 5, 7, 379
What are the prime factors of 211715?
5, 7, 23, 263
What are the prime factors of 663956?
2, 127, 1307
What are the prime factors of 1547694?
2, 3, 28661
List the prime factors of 309699.
3, 13, 2647
What are the prime factors of 5103860?
2, 5, 255193
List the prime factors of 27566.
2, 7, 11, 179
What are the prime factors of 260242?
2, 130121
List the prime factors of 502572.
2, 3, 7, 31, 193
What are the prime factors of 3167587?
3167587
What are the prime factors of 170997?
3, 56999
List the prime factors of 13698716.
2, 3424679
List the prime factors of 1182831.
3, 13, 2333
What are the prime factors of 1960840?
2, 5, 7, 47, 149
What are the prime factors of 1010449?
11, 97, 947
What are the prime factors of 4894780?
2, 5, 11, 19, 1171
List the prime factors of 281986.
2, 277, 509
List the prime factors of 27077479.
11, 13, 189353
List the prime factors of 2514013.
2514013
What are the prime factors of 4238969?
7, 23, 113, 233
List the prime factors of 65266.
2, 32633
List the prime factors of 7916522.
2, 3958261
What are the prime factors of 6637113?
3, 7, 35117
List the prime factors of 5347344.
2, 3, 101, 1103
List the prime factors of 1764920.
2, 5, 44123
What are the prime factors of 186179?
7, 26597
List the prime factors of 819105.
3, 5, 7, 29, 269
List the prime factors of 2714628.
2, 3, 7, 17, 1901
What are the prime factors of 227810?
2, 5, 11, 19, 109
List the prime factors of 7178045.
5, 7, 67, 3061
List the prime factors of 1167276.
2, 3, 11, 37, 239
What are the prime factors of 194851?
29, 6719
What are the prime factors of 5991495?
3, 5, 399433
What are the prime factors of 9418378?
2, 809, 5821
What are the prime factors of 17601271?
2447, 7193
What are the prime factors of 769701?
3, 256567
List the prime factors of 730028.
2, 13, 101, 139
What are the prime factors of 1940001?
3, 7, 92381
List the prime factors of 1882242.
2, 3, 53, 1973
What are the prime factors of 2316589?
11, 210599
List the prime factors of 1015114.
2, 507557
List the prime factors of 4203581.
4203581
List the prime factors of 3287548.
2, 11, 74717
List the prime factors of 5299047.
3, 13, 31, 487
What are the prime factors of 58240?
2, 5, 7, 13
List the prime factors of 5447280.
2, 3, 5, 22697
What are the prime factors of 1944193?
71, 139, 197
List the prime factors of 8439.
3, 29, 97
List the prime factors of 366965.
5, 23, 3191
List the prime factors of 331142.
2, 7, 31, 109
List the prime factors of 8067823.
8067823
List the prime factors of 1097283.
3, 11, 41, 811
List the prime factors of 7412129.
263, 28183
List the prime factors of 212765.
5, 7, 6079
What are the prime factors of 14443?
11, 13, 101
What are the prime factors of 367011?
3, 23, 197
What are the prime factors of 669232?
2, 151, 277
List the prime factors of 181745.
5, 163, 223
What are the prime factors of 2542618?
2, 13, 19, 5147
What are the prime factors of 254094?
2, 3, 42349
What are the prime factors of 1398058?
2, 19, 36791
List the prime factors of 943753.
293, 3221
What are the prime factors of 2835310?
2, 5, 37, 79, 97
What are the prime factors of 1893648?
2, 3, 39451
What are the prime factors of 11029?
41, 269
List the prime factors of 5205464.
2, 11, 149, 397
List the prime factors of 1102541.
11, 113, 887
List the prime factors of 1695169.
7, 23, 10529
What are the prime factors of 5105336?
2, 149, 4283
List the prime factors of 4759161.
3, 11, 29, 4973
List the prime factors of 8146632.
2, 3, 13, 26111
What are the prime factors of 383866?
2, 7, 3917
List the prime factors of 2054959.
31, 151, 439
List the prime factors of 839832.
2, 3, 7, 4999
List the prime factors of 328655.
5, 65731
List the prime factors of 5687748.
2, 3, 11, 53, 271
List the prime factors of 18133425.
3, 5, 83, 971
List the prime factors of 2667813.
3, 889271
List the prime factors of 17821207.
17821207
What are the prime factors of 151852?
2, 37963
List the prime factors of 505622.
2, 13, 19447
List the prime factors of 661756.
2, 23, 7193
What are the prime factors of 2575774?
2, 1287887
What are the prime factors of 252199?
107, 2357
What are the prime factors of 187639?
187639
What are the prime factors of 4237999?
4237999
What are the prime factors of 650490?
2, 3, 5, 21683
List the prime factors of 306576.
2, 3, 2129
What are the prime factors of 668925?
3, 5, 991
List the prime factors of 1091233.
11, 13, 587
What are the prime factors of 3552865?
5, 710573
List the prime factors of 256740.
2, 3, 5, 11, 389
What are the prime factors of 6343787?
499, 12713
List the prime factors of 14754477.
3, 23, 213833
List the prime factors of 6521636.
2, 11, 19, 29, 269
List the prime factors of 21310041.
3, 29, 244943
What are the prime factors of 4381444?
2, 17, 64433
What are the prime factors of 723371?
11, 65761
List the prime factors of 7946860.
2, 5, 37, 10739
List the prime factors of 5650236.
2, 3, 5813
List the prime factors of 1917882.
2, 3, 47, 2267
List the prime factors of 10018860.
2, 3, 5, 37, 4513
What are the prime factors of 523029?
3, 13, 13411
List the prime factors of 5356748.
2, 1339187
What are the prime factors of 3166430?
2, 5, 41, 7723
List the prime factors of 3668991.
3, 17, 71941
List the prime factors of 481689.
3, 13, 23, 179
What are the prime factors of 1518753?
3, 506251
What are the prime factors of 161350?
2, 5, 7, 461
What are the prime factors of 47064?
2, 3, 37, 53
List the prime factors of 23180325.
3, 5, 7, 67, 659
What are the prime factors of 4420118?
2, 2210059
What are the prime factors of 736775?
5, 13, 2267
What are the prime factors of 17287211?
47, 103, 3571
What are the prime factors of 2308196?
2, 11, 19, 251
List the prime factors of 731903.
43, 17021
What are the prime factors of 130707?
3, 47, 103
List the prime factors of 19460603.
71, 274093
What are the prime factors of 133264?
2, 8329
List the prime factors of 15538784.
2, 485587
List the prime factors of 1424252.
2, 23, 113, 137
What are the prime factors of 81623?
31, 2633
What are the prime factors of 8066617?
13, 97, 6397
List the prime factors of 735901.
735901
List the prim